(-8 - (20 - (0 - -15))).
-22
What is -38 - -64 - 63 - -84?
47
What is the value of (203 - 174) + -1 + -14 - 69?
-55
Evaluate -8 + 95 + -1 + -6 + -33 + 28.
75
Calculate 34 + 37 + -25 - (-2 + 2 - (2 + 5)).
53
Calculate -71 + -20 - -84 - (1 + 71).
-79
3 + -1 + 11 - (6 + -48 + 19)
36
45 + 42 + -92 - (0 + 1 + 7)
-13
Evaluate -138 - (62 + -187 + 56).
-69
What is the value of (1 - -26) + 42 + -61 + 1 + (-4 - 0)?
5
What is the value of 2 - (16 - (-15 - -29 - 14 - 25))?
-39
Calculate -65 - (16 + -34 + -27).
-20
7 + (-9 + (28 - 6) - 9)
11
Evaluate 36 - -26 - (71 + 36).
-45
Evaluate (-2 - (-39 - 4)) + (301 - 324).
18
What is (109 + -146 - -46) + (-1 + -1 + 31 - -1)?
39
Calculate -5 + -57 - (366 - 339 - (22 - 0)).
-67
(-4 - (0 + 6)) + -5 + 20 + -7
-2
Evaluate 29 + -29 + 4 + 1 + 104.
109
(13 + -4 + -28 - 79) + 15
-83
Evaluate (-1 - -59) + (-1 - 53) + 34 - (10 - 0).
28
-15 - (-130 - -27 - 1 - 0 - (2 + -9))
82
What is the value of 41 - (-6 - (-7 - (-3 + 17)))?
26
What is -4078 + 4109 + -1 + 1?
31
Calculate 13 + (36 - 52) - 5.
-8
(-2 + -7 - (-5 - 6)) + -8 - 60 - 1
-67
Calculate (-11 - (8 - (17 + -10))) + (-3 - -24).
9
(-3 - -16) + (0 + -9 - 3 - (12 - 21))
10
What is -8 + 72 + (-452 - -430)?
42
Evaluate -45 + 2 + 2 + (-116 - -114) + 9.
-34
What is (-3 - 55) + -18 + 104?
28
Evaluate -12 + -2 - (22 - 31 - -17) - 12.
-34
Calculate (-15 - -38) + (-93 - -65).
-5
Calculate 26 - -19 - (71 + -30).
4
7 + 5 + -11 + 10 + 111 + (-14 - -1)
109
Calculate 202 - (-40 - -21 - -150).
71
Evaluate 30 + (7 - (-7 - 22)) + -4.
62
What is the value of (78 - 51) + -64 + 5?
-32
Evaluate (-16 - (-20 + 16 + 1)) + 18.
5
What is (-78 - -4 - -5) + (-35 + 48 - 12)?
-68
Evaluate -7272 + 7278 - (2 + -1 + -58 + -1).
64
What is 132 - (-3 - -1 - (0 + -59 + -1576 + 1619))?
118
Calculate -14 + 17 + -14 + 8 - 7.
-10
(-54 + 35 + 54 - 2) + (5 - 1)
37
What is the value of 16 + (-35 - -27) - (48 + -2)?
-38
Calculate -41 + 4 - ((12 - (10 + 3 + 9)) + 4).
-31
Evaluate -6 - (-65 - (-10 - -2) - (-90 - -66)).
27
Calculate (-40 - (2 + 0)) + -13 + 30.
-25
-40 - -80 - (-20 + (-4 - -53))
11
What is the value of -10 - (6 + (-11 - (1 + -21)) + -13) - 66?
-78
48 + -90 + (81 - 52)
-13
5 + (-39 - -23 - -7)
-4
What is (0 - -41) + (-13 - 12) + 10 + 15?
41
Calculate 57 + 35 + -74 - (-3 + 2 - -5).
14
Calculate (-21 + (-12 - (-1 + (-8 - -1))) - 11) + -3.
-39
3 + -2 + -1 + -11 + (-37 - -55)
7
What is the value of (171 - 54) + -11 - ((22 - 2) + 7 + -14)?
93
Evaluate 10 + -85 - (23 - 49).
-49
What is -9 - (1 + -100 + -103 + 120 + -9)?
82
Evaluate (140 - 100) + -3 + -47.
-10
Evaluate -1 - (-4 + -1) - (29 + -134 + -15 + 46).
78
Calculate -8 - 1 - (48 - (23 + 7) - -15).
-42
What is the value of (-9 + (-18 - -20) - -6) + 32?
31
Calculate -3 - (-18 + (-2 - 3) + 49 + -53).
24
What is 4 + ((-5 - (0 - (19 - 6))) + 3 - 31)?
-16
Calculate (-60 - -61 - -28) + (-1 - 15) + (-1 - 4).
8
What is 115 + (-163 - (-76 + -80))?
108
What is -5 + (2 + (0 - (-13 + 9)) + 6 - -4)?
11
Calculate 26 - (2 + -4) - (1 - -91).
-64
What is -7 - (-65 - (-48 - -28))?
38
What is the value of -116 - (-89 + 73 - ((-17 - 7) + 4))?
-120
What is -1 - 9 - -8 - 8 - -14 - (-2 + -6)?
12
What is (3 - (25 - 29)) + -4 + (6 - 0) + -4?
5
(35 - ((-6 - 2) + -6)) + -35
14
What is the value of (-1 - (2 + -5)) + -16 - (9173 + -9242)?
55
(18 - 9) + 2 + (55 - 60)
6
What is -3 + 1 + -4 - 2 - (197 + -111)?
-94
Calculate (-9 + -8 + 8 - -20) + 0 + 8 + -15.
4
Calculate -51 - 47 - -38 - -43.
-17
What is (-125 - (75 - 200)) + 2 + -53 + (2 - 0)?
-49
Calculate (-27 - (-125 + 30 - -25)) + 17.
60
What is -14 - (29 - -25 - 115)?
47
5288 + -5268 + 15 + 1
36
Evaluate (60 - 41) + 1 + -16 + -38 + (0 - -1).
-33
Calculate -16640 + 16587 + -12 + 1.
-64
Calculate 32 + ((-7 + 2 - -11) + -6 - -12).
44
Evaluate (-3 - 1 - (-21 - 3 - -19)) + -25 + 61.
37
What is the value of (25 - (-5 + 26 + -34)) + -1 + 6?
43
Evaluate 12 + -34 - (3 - 12 - (30 + -29)).
-12
What is the value of (0 - -4) + (-15 - -5) - (-33 - (1 + 4))?
32
(143 - 82) + (-17 - 20)
24
Calculate -16 - -21 - (59 + (-6 - -25)).
-73
55 - 2 - (-48 - (-18 - 11 - 1))
71
What is the value of -68 + 3 + (47 - (-22 - -51))?
-47
Evaluate 3 + (-6 - 0) + -30 + (2 - -33) + 78.
80
-74 - 2 - (94 + -10 + -69)
-91
-1 + 6 + -11 + 6 + (-15 - -25)
10
Evaluate 7 - -9 - (6 + -5 + -1).
16
Evaluate -44 + (30 - -34) + -21 - (-2 + -11).
12
What is (-17 - (6 + -35)) + -1 + -16 - (-46 - -10)?
31
((-2 - -2) + 9 - (50 + -17 + -28)) + 48
52
Evaluate -54 + 93 + 48 + -61.
26
What is -82 - (5 + -222) - 38?
97
Calculate 107 + -91 - (-10 - 3) - (1 - 2 - 1).
31
(-88 - -95) + -8 - (-81 + 1) - -4
83
What is the value of -58 + 48 - (4 + -3 - (-4 - (-2 - 0)))?
-13
41 - 3 - (7 - (-225 + 99))
-95
Calculate (-22 - -1) + -2 - (-2253 + 2241).
-11
Evaluate -90 + -36 + 132 - (-14 - 0).
20
Evaluate 42 - (7 + -3 - (-60 - -83)).
61
Calculate (-4 - (10 - 0 - (-29 + 1))) + 16.
-26
Calculate 0 + -11 - (30 + -38) - 13 - 44.
-60
Evaluate 18 - 14 - 7 - (-3 - (-6 - -6)).
0
Calculate -69 + (-1508 - -1494 - (1 - 37)).
-47
What is -57 + (-3 - (11 + -7) - -22) + 14?
-28
What is the value of -38 - -2 - (-91 + 129 + -37)?
-37
Calculate -2 - 27 - (-15 + (1 - -14)).
-29
What is (148 - (77 - -60)) + 1 + (47 - -1)?
60
What is the value of 35 + -6 + (-231 - -188)?
-14
What is 52 + -8 + -52 + (7 - 29)?
-30
-47 + 55 - (-25 - (25 + -117))
-59
What is (-85 - -19) + 70 - (1 + -4 + -19)?
26
What is the value of -90 + -3 + 3 + -21 + 5 + 24 + -2?
-84
Calculate 0 - 37 - (2353 + -2345).
-45
What is the value of (1 - -1) + -2 + -2 + 5 - (623 - 681)?
61
Calculate (-1 - -81) + (87 - 178) + 72.
61
Evaluate 1 + -1 - (-163 - -14 - -127) - -132.
154
Calculate -105 + -15 + 93 - 24.
-51
Evaluate -1 + -1 + -1 + (-59 - (31 + 0 - 24)).
-69
What is the value of (0 - -7) + (3683 - 3788)?
-98
Evaluate -76 - (72 + -42 + -66).
-40
Evaluate 25 - (-30 + 20) - -31 - 34.
32
Evaluate 191 + -113 - 95 - (-5 - 96).
84
Calculate -13 + (24 + -37 - -4 - (1 - 2) - 27).
-48
Calculate -10 + -7 + 18 + 64 + 10 + -11.
64
Evaluate 34 - (49 + -35 + 31).
-11
What is the value of -43 + (20 + -6 - (19 + -6))?
-42
Evaluate (-7 - 11) + (-25 - (21 - 163)).
99
What is the value of 15 - (-4 + (-2 - 10) + 24) - (-3 + 1)?
9
Evaluate 83 - 98 - (-1 + -28 + -7).
21
Evaluate (4 - (4 - 10 - (17 - 16))) + -11.
0
108 - (-17 + 130) - (-1 + -7 + 1)
2
-7 + (60 - 107) + 78
24
Calculate -83 + (72 - -3) + (-3 + 3 - 35).
-43
What is the value of (-4315 - -4284) + 0 + -74?
-105
What is the value of (12 - 0) + (65 - 64) + 18 + -5?
26
Calculate 95 - (-12 - (-11 - 56)).
40
What is the value of -24 - ((14 - 66) + 39)?
-11
What is the value of 36 + 17 + -47 + -11?
-5
Evaluate -13 - -40 - (1 + -3 - -15 - 1).
15
What is 82 + -101 + 86 - (3 - 1 - (0 - 5))?
60
What is the value of (-9 - -12) + 9 + 2 + 3 + -10?
7
0 - (26 - -1) - -1 - 27
-53
What is the value of -21 + 13 + 93 + -104?
-19
115 - (-105 - -103 - -32)
85
What is 1 + 50 - (-3903 + 4030)?
-76
What is -1167 + 1168 + ((7 - 3) + -2 - 1) + 43?
45
What is the value of 27 + -40 + 8 + -10?
-15
Evaluate 67 + 5 + -166 - (-25 - -17).
-86
Evaluate 17 + -9 + 10 + 26 + -60 + 18.
2
Evaluate (93 - 84) + 151 + -161.
-1
32 + -61 + 47 + 22
40
What is the value of -163 - (-61 + 18 + -17) - (0 + -10 + -1)?
-92
What is -12 + (44 - (-41 - 7 - -21))?
59
What is the value of -14 - (6 + (31 - 45) + -64)?
58
What is the value of 1 + 0 + -2 + 58 + -124 + 25?
-42
What is 46 - 36 - (14 + (4 - 13) + (4 - 40))?
41
Calculate -1 + 19 - (610 + -652).
60
What is the value of 1 + -4 + 8 + (-110 + -1 - (970 - 983))?
-93
(-15 - 32) + 29 + (2 - 16) + 3
-29
76 + -147 + 106 + -18 + 0 + 82
99
-34 + 277 + -145 + -28
70
What is (-6 + 0 - (226 - 210) - -19) + 25?
22
What is the value of 100 + (24 + -86 - -39)?
77
241 + 100 + -225 + -17
99
Calculate 6 + -3 - (56 - ((-1 - -1) + 8)).
-45
What is the value of (1 - 0) + 3943 + -3949?
-5
(3 - -1) + (-11 - (17 + -21))
-3
Evaluate 10 + (15 - 8) + -5 + 12.
24
What is the value of -28 + 5 + (-8 - -20) + 8 - (-13 - -63)?
-53
Evaluate 8 + -2 + 0 + 0 + (-11 - (-12 - 1)).
8
What is -16 - -90 - (-3 + (46 - 36))?
67
What is (28 - (-8 - -50)) + (28 - 52)?
-38
Calculate (69 - 24) + -28 - (61 - (2 + -4)).
-46
What is 13 + (4 - 6 - -22) + -27 + 38?
44
What is 64 + -5 + (-138 - -158) + 33?
112
What is the value of 10 + -1 - (-11 - (32 + -25 + -3